{"id":3,"date":"2021-08-12T00:16:55","date_gmt":"2021-08-11T22:16:55","guid":{"rendered":"https:\/\/blog.predictanalyse.com\/?page_id=3"},"modified":"2021-08-13T11:56:03","modified_gmt":"2021-08-13T09:56:03","slug":"politique-de-confidentialite","status":"publish","type":"page","link":"https:\/\/blog.predictanalyse.com\/index.php\/politique-de-confidentialite\/","title":{"rendered":"Politique de confidentialit\u00e9"},"content":{"rendered":"\n<p>Soucieux de pr\u00e9server votre vie priv\u00e9e, la soci\u00e9t\u00e9 Predict Analyse (\u00ab PREDICT ANALYSE \u00bb) met tout en \u0153uvre pour prot\u00e9ger la confidentialit\u00e9 de vos informations personnelles.<br>La pr\u00e9sentation politique de confidentialit\u00e9 (la \u00ab Politique \u00bb) a pour but de vous informer sur la mani\u00e8re dont vos donn\u00e9es personnelles (vos \u00ab Donn\u00e9es Personnelles \u00bb), que PREDICT ANALYSE est susceptible de recueillir et de traiter dans le cadre de votre navigation sur son site internet <a href=\"https:\/\/predictanalyse.com\" target=\"_blank\" rel=\"noreferrer noopener\">https:\/\/predictanalyse.com<\/a> (le \u00ab Site \u00bb).<br>Vos Donn\u00e9es Personnelles sont trait\u00e9es par PREDICT ANALYSE conform\u00e9ment \u00e0 la Loi 78-17 du 6 janvier 1978 relative \u00e0 l\u2019informatique, aux fichiers et aux libert\u00e9s (Loi Informatique et Libert\u00e9s) et au R\u00e8glement europ\u00e9en 2016\/679 du 27 avril 2016 relatif \u00e0 la protection des personnes physiques \u00e0 l\u2019\u00e9gard du traitement des donn\u00e9es \u00e0 caract\u00e8re personnel et la libre circulation de ces donn\u00e9es (RGPD). <\/p>\n\n\n\n<p>Nous vous invitons \u00e0 prendre le temps de lire cette Politique dans son int\u00e9gralit\u00e9. Nous sommes disponibles pour r\u00e9pondre \u00e0 vos \u00e9ventuelles questions \u00e0 l\u2019adresse <a href=\"mailto:contactrgpd@predictanalyse.com\" target=\"_blank\" rel=\"noreferrer noopener\">contactrgpd@predictanalyse.com<\/a> notamment dans le cadre de l\u2019exercice de vos droits sur vos Donn\u00e9es Personnelles d\u00e9crits ci-dessous.<\/p>\n\n\n\n<h5 class=\"wp-block-heading\">Quelles Donn\u00e9es Personnelles trait\u00e9es par PREDICT ANALYSE ?<\/h5>\n\n\n\n<p>Selon votre utilisation du Site et plus g\u00e9n\u00e9ralement vos interactions avec PREDICT ANALYSE, les<br>Donn\u00e9es Personnelles que ce dernier est susceptible de collecter et de traiter sont les suivantes :<br>\u2022 Des donn\u00e9es d\u2019identification et de contact : nom, pr\u00e9nom, adresse e-mail, num\u00e9ro de<br>t\u00e9l\u00e9phone ;<br>\u2022 Des donn\u00e9es professionnelles : nom de votre soci\u00e9t\u00e9 et sa taille, coordonn\u00e9es<br>professionnelles ;<br>\u2022 Des contenus \u00e0 caract\u00e8re informatif ou commercial : le contenu de votre message et toutes<br>les informations que vous nous transmettrez spontan\u00e9ment (par exemple, votre fonction ou<br>poste, votre statut &#8211; particulier ou professionnel &#8211; etc.), interactions avec les services de gestion<br>des relations clients de PREDICT ANALYSE ;<\/p>\n\n\n\n<h5 class=\"wp-block-heading\">Comment vos Donn\u00e9es Personnelles sont-elles susceptibles d\u2019\u00eatre collect\u00e9es par PREDICT ANALYSE ? <\/h5>\n\n\n\n<p>PREDICT ANALYSE collecte vos Donn\u00e9es Personnelles conform\u00e9ment au RGPD :<br>\u2022 Pour des finalit\u00e9s d\u00e9termin\u00e9es, explicites et l\u00e9gitimes, et ne sont trait\u00e9es ult\u00e9rieurement d\u2019une mani\u00e8re incompatible avec ces finalit\u00e9s : conform\u00e9ment au principe de limitation des finalit\u00e9s ;<br>\u2022 Uniquement des Donn\u00e9es Personnelles ad\u00e9quates, pertinentes et limit\u00e9es \u00e0 ce qui est n\u00e9cessaire au regard des finalit\u00e9s pour lesquelles elles sont trait\u00e9es : conform\u00e9ment au principe de minimisation des donn\u00e9es. Sur notre Site, vos Donn\u00e9es Personnelles peuvent uniquement \u00eatre collect\u00e9es via :<br>\u2022 Le formulaire d\u2019inscription que nous mettons \u00e0 votre disposition ;<br>\u2022 La zone de contact si vous souhaitez recevoir les informations nous concernant.<\/p>\n\n\n\n<h5 class=\"wp-block-heading\">Dans quel but vos Donn\u00e9es Personnelles sont-elles trait\u00e9es par PREDICT ANALYSE ?<\/h5>\n\n\n\n<p>Vos Donn\u00e9es Personnelles sont collect\u00e9es et trait\u00e9es par PREDICT ANALYSE, en sa qualit\u00e9 de responsable de traitement, afin de :<br>\u2022 Vous fournir les informations que vous pouvez solliciter aupr\u00e8s de PREDICT ANALYSE (informations pr\u00e9contractuelles, actualit\u00e9s nous concernant, etc.) ;<br>\u2022 G\u00e9rer la relation commerciale avec nos prospects et clients (r\u00e9pondre \u00e0 une question pos\u00e9e via le formulaire de contact, \u00e9tablir un devis ou envoyer des offres commerciales, etc.) ;<\/p>\n\n\n\n<h5 class=\"wp-block-heading\">Vos Donn\u00e9es Personnelles sont-elles partag\u00e9es par PREDICT ANALYSE ?<\/h5>\n\n\n\n<p>Vos Donn\u00e9es Personnelles sont destin\u00e9es \u00e0 PREDICT ANALYSE, qui est susceptible de les partager uniquement avec les destinataires suivants :<br>\u2022 Au sein de PREDICT ANALYSE : Nous pouvons partager vos Donn\u00e9es Personnelles avec les membres de PREDICT ANALYSE qui ont besoin d\u2019en conna\u00eetre ;<br>\u2022 Avec des prestataires techniques (h\u00e9bergeur) si cela est indispensable \u00e0 leur intervention ;<br>\u2022 Avec des tiers pour des motifs juridiques, dans le cas o\u00f9 PREDICT ANALYSE serait tenu de se conformer aux lois et aux r\u00e8glements et\/ou aux requ\u00eates et ordres l\u00e9gaux ou si cela est permis par la loi (c\u2019est \u00e0 dire, pour la protection et la d\u00e9fense des droits, situation qui menace la vie, sant\u00e9 ou la s\u00e9curit\u00e9, etc.).<\/p>\n\n\n\n<p>Nous exigeons toujours de ces tiers qu\u2019ils pr\u00e9sentent des garanties de confidentialit\u00e9 et de s\u00e9curit\u00e9 suffisantes et qu\u2019ils prennent les mesures physiques, organisationnelles et techniques n\u00e9cessaires \u00e0 la protection et la s\u00e9curisation de vos Donn\u00e9es Personnelles, conform\u00e9ment \u00e0 la l\u00e9gislation en vigueur. Nous nous engageons \u00e0 ne pas vendre, \u00e9changer, louer ou transf\u00e9rer vos Donn\u00e9es Personnelles d\u2019une quelconque autre mani\u00e8re, sans votre consentement qui aura \u00e9t\u00e9 donn\u00e9 apr\u00e8s que vous ayez re\u00e7u une information compl\u00e8te et pr\u00e9alable.<\/p>\n\n\n\n<h5 class=\"wp-block-heading\">Pour quelles dur\u00e9es vos Donn\u00e9es Personnelles sont-elles conserv\u00e9es par PREDICT ANALYSE ?<\/h5>\n\n\n\n<p>Vos Donn\u00e9es Personnelles sont conserv\u00e9es par PREDICT ANALYSE pour les dur\u00e9es n\u00e9cessaires \u00e0 l\u2019accomplissement des finalit\u00e9s d\u00e9crites ci-dessus, sauf dans les cas o\u00f9 (i) vous demanderiez \u00e0 PREDICT ANALYSE de les supprimer avant l\u2019expiration de ce d\u00e9lai, sous r\u00e9serve des conditions impos\u00e9es par la loi applicable, et o\u00f9 (ii) la loi autorise ou exige de les conserver pour une dur\u00e9e sup\u00e9rieure.<\/p>\n\n\n\n<p><br><strong>Finalit\u00e9s <\/strong>: Suivi de la relation client\u00e8le ou prospect <\/p>\n\n\n\n<p><strong>D\u00e9lais de conservation<\/strong> : 3 ans \u00e0 compter de votre derni\u00e8re interaction avec PREDICT ANALYSE.<\/p>\n\n\n\n<p><br>Toutefois vos Donn\u00e9es Personnelles pourront \u00eatre conserv\u00e9es, exclusivement \u00e0 des fins probatoires, pour une dur\u00e9e sup\u00e9rieure selon les d\u00e9lais de prescription applicables.<\/p>\n\n\n\n<h5 class=\"wp-block-heading\">Quels sont vos droits sur vos Donn\u00e9es Personnelles ?<\/h5>\n\n\n\n<p>Dans les cas pr\u00e9vus par la loi, vous disposez \u00e0 l\u2019\u00e9gard de vos Donn\u00e9es Personnelles des droits suivants :<br>\u2022 Droits d\u2019acc\u00e8s, de rectification, de mise \u00e0 jour, de suppression et de limitation : vous pouvez demander \u00e0 acc\u00e9der \u00e0 vos Donn\u00e9es Personnelles d\u00e9tenues et trait\u00e9es par PREDICT ANALYSE, les consulter, en obtenir une copie papier ou \u00e9lectronique et en demander la correction, la mise \u00e0 jour, la suppression ou la limitation ;<br>\u2022 Droit d\u2019opposition : vous pouvez, \u00e0 tout moment, demander \u00e0 ne plus recevoir d\u2019informations ou d\u2019offres, soit en nous \u00e9crivant \u00e0 l\u2019une des adresses indiqu\u00e9es ci-dessous, soit en suivant le processus de d\u00e9sinscription d\u00e9crit dans les messages re\u00e7us. Dans certains cas, l\u2019exercice de votre droit d\u2019opposition pourra aboutir \u00e0 une modification des modalit\u00e9s de fourniture de nos prestations ou du fonctionnement du Site, si vos Donn\u00e9es Personnelles sont n\u00e9cessaires dans le cadre de ceux-ci ;<br>\u2022 Droit \u00e0 la portabilit\u00e9 de vos Donn\u00e9es Personnelles ;<br>\u2022 R\u00e9clamation aupr\u00e8s d\u2019une Autorit\u00e9 de Contr\u00f4le : sans pr\u00e9judice de toute autre voie de droit, vous avez le droit d\u2019introduire une r\u00e9clamation aupr\u00e8s de l\u2019autorit\u00e9 de contr\u00f4le du pays de l\u2019Union Europ\u00e9enne dans lequel vous r\u00e9sidez, travaillez ou dans lequel vous jugeriez qu\u2019une violation de vos droits sur vos Donn\u00e9es Personnelles aurait \u00e9t\u00e9 commise.<\/p>\n\n\n\n<p>Vous pouvez exercer ces droits en envoyant une demande sign\u00e9e et accompagn\u00e9e de la photocopie<br>d\u2019un titre d\u2019identit\u00e9 aux coordonn\u00e9es indiqu\u00e9es dans l\u2019article \u00ab Nous Contacter \u00bb ci-dessous.<\/p>\n\n\n\n<h5 class=\"wp-block-heading\">Modification de la Politique de Confidentialit\u00e9<\/h5>\n\n\n\n<p>PREDICT ANALYSE se r\u00e9serve le droit d\u2019apporter des modifications la Politique de Confidentialit\u00e9 \u00e0 tout moment. Vous en serez pr\u00e9alablement averti par la publication d\u2019une notification sur la page d\u2019accueil du Site. Nous vous encourageons \u00e0 consulter r\u00e9guli\u00e8rement cette page pour prendre connaissance des modifications et rester inform\u00e9s sur les mesures que nous prenons pour prot\u00e9ger vos donn\u00e9es personnelles. Vous reconnaissez et acceptez qu\u2019il vous incombe de consulter r\u00e9guli\u00e8rement notre Site pour prendre connaissance des modifications qui lui sont apport\u00e9es, notamment au sein de la Politique de Confidentialit\u00e9.<\/p>\n\n\n\n<h5 class=\"wp-block-heading\">Nous contacter<\/h5>\n\n\n\n<p>Pour exercer vos droits ou toute question relative \u00e0 cette Politique, veuillez nous contacter :<br>\u2022 Par courrier postal, au 54, rue des coteaux du parc, 91180 Saint-Germain-L\u00e8s-Arpajon; et\/ou<br>\u2022 Par mail, \u00e0 contactrgpd@predictanalyse.com<\/p>\n\n\n\n\n\n\n\n<p><br>La Politique de Confidentialit\u00e9 a \u00e9t\u00e9 mise \u00e0 jour le 24 Juillet 2021<\/p>\n","protected":false},"excerpt":{"rendered":"<p>Soucieux de pr\u00e9server votre vie priv\u00e9e, la soci\u00e9t\u00e9 Predict Analyse (\u00ab PREDICT ANALYSE \u00bb) met tout en \u0153uvre pour prot\u00e9ger la confidentialit\u00e9 de vos informations personnelles.La pr\u00e9sentation politique de confidentialit\u00e9 (la \u00ab Politique \u00bb) a pour but de vous informer sur la mani\u00e8re dont vos donn\u00e9es personnelles (vos \u00ab Donn\u00e9es Personnelles \u00bb), que PREDICT ANALYSE<\/p>\n","protected":false},"author":1,"featured_media":0,"parent":0,"menu_order":0,"comment_status":"closed","ping_status":"open","template":"","meta":{"inline_featured_image":false,"_monsterinsights_skip_tracking":false,"_monsterinsights_sitenote_active":false,"_monsterinsights_sitenote_note":"","_monsterinsights_sitenote_category":0,"footnotes":""},"class_list":["post-3","page","type-page","status-publish","hentry"],"aioseo_notices":[],"_links":{"self":[{"href":"https:\/\/blog.predictanalyse.com\/index.php\/wp-json\/wp\/v2\/pages\/3"}],"collection":[{"href":"https:\/\/blog.predictanalyse.com\/index.php\/wp-json\/wp\/v2\/pages"}],"about":[{"href":"https:\/\/blog.predictanalyse.com\/index.php\/wp-json\/wp\/v2\/types\/page"}],"author":[{"embeddable":true,"href":"https:\/\/blog.predictanalyse.com\/index.php\/wp-json\/wp\/v2\/users\/1"}],"replies":[{"embeddable":true,"href":"https:\/\/blog.predictanalyse.com\/index.php\/wp-json\/wp\/v2\/comments?post=3"}],"version-history":[{"count":2,"href":"https:\/\/blog.predictanalyse.com\/index.php\/wp-json\/wp\/v2\/pages\/3\/revisions"}],"predecessor-version":[{"id":286,"href":"https:\/\/blog.predictanalyse.com\/index.php\/wp-json\/wp\/v2\/pages\/3\/revisions\/286"}],"wp:attachment":[{"href":"https:\/\/blog.predictanalyse.com\/index.php\/wp-json\/wp\/v2\/media?parent=3"}],"curies":[{"name":"wp","href":"https:\/\/api.w.org\/{rel}","templated":true}]}}